me factors of z.
2, 3, 13, 43
Suppose 16510 - 138315 = -17*a. What are the prime factors of a?
5, 1433
Let w(l) = -l**3 + l + 2. Suppose 2*k + 0 + 5 = r, -4*r + 17 = -5*k. Let a be w(k). Suppose -a*u = -98 - 112. What are the prime factors of u?
3, 5, 7
Let i(w) = 27*w**2 + 13*w - 184. What are the prime factors of i(6)?
2, 433
Let m = 1 + 2. Suppose v = -1 + m. Suppose 10*c - v*c - 128 = 0. List the prime factors of c.
2
Let o(k) = 4827*k**3 + 7*k**2 - 21*k + 17. What are the prime factors of o(2)?
3, 7, 613
List the prime factors of (-556)/10*(-107 - -22).
2, 17, 139
Let p be -5*(2228/(-20) - -4). Let g = -165 + p. List the prime factors of g.
2, 3, 31
Let o = -152 + 13754. What are the prime factors of o?
2, 3, 2267
Let p(g) = -9*g + 204. Let u be p(11). Suppose -u*f + 109*f - 4036 = 0. List the prime factors of f.
1009
Suppose -i = -5*h - 3*i + 1392, -5*h + 4*i = -1416. Let b = -63 + h. Suppose -3*x = -3*u - 633, 0*u = -x - 5*u + b. List the prime factors of x.
2, 53
Suppose 2*g - 8*g + 30 = 0. Suppose -2*c + 831 = g*n - 214, 3*n + 4*c - 627 = 0. List the prime factors of n.
11, 19
Let o(c) = -196*c + 232. What are the prime factors of o(-4)?
2, 127
Let q(n) be the first derivative of -n**2 + 86*n + 5. What are the prime factors of q(-23)?
2, 3, 11
Suppose -4*h + 46 - 34 = 0. Suppose n + h*i - 439 = 0, 2*n - 4*i - 838 = -0*n. Let k = -289 + n. What are the prime factors of k?
2, 3, 23
Let a = 4092 + -2545. What are the prime factors of a?
7, 13, 17
Suppose 5 = -3*r + 5*d, 5*d = -0*d + 20. Let x be r - (12/(-30) - (-4)/10). Suppose 2*h + h = -x*n + 20, 2*h - 8 = -2*n. List the prime factors of n.
2
Suppose 0 = 5*k + 3 + 2. Let g be (0 - k - (-1)/2)*2. Suppose 3*c - 286 = 5*x, -g*c + x - 3*x = -251. What are the prime factors of c?
3, 29
What are the prime factors of ((-2562)/(-84))/(((-9)/3)/(-354))?
59, 61
Let a = -33 - -90. List the prime factors of ((-10)/90)/(1/(-57))*a.
19
Let j(o) = 89*o**2 - 184*o**2 + 96*o**2 - o**3 - 8*o + 79 + 131. List the prime factors of j(0).
2, 3, 5, 7
Let y be (-23 + 22)*(-178)/1. Let t = -87 + y. What are the prime factors of t?
7, 13
Let w = -376 + 395. Suppose -w*t - 2760 = -23*t. List the prime factors of t.
2, 3, 5, 23
Suppose -3*y = 5*y - 1264. Suppose 2*s - y = 242. List the prime factors of s.
2, 5
Let i(n) = -94*n - 70. Suppose -7*c - 4*o + 4 = -6*c, 5*o - 10 = 0. List the prime factors of i(c).
2, 3, 17
Suppose 0 = -4*u + 17 + 31. Suppose -g + 30 = 4*g + 5*p, -4*g - p + u = 0. Suppose -8*f + g*f = -606. What are the prime factors of f?
101
Suppose 5*n = -5*g + 58740, -5*n + 28*g + 58710 = 23*g. What are the prime factors of n?
3, 5, 29
Suppose -n = -2*q + 14, 10*q + 5*n = 7*q - 5. What are the prime factors of (-15)/(-6)*1018/q?
509
List the prime factors of (1*6)/(15/2) + (-1188144)/(-120).
2, 4951
Suppose 4*x = 3*f + 8583, 23*x - 10730 = 18*x + 4*f. List the prime factors of x.
2, 3, 7, 17
Let h be 1044/(-10) - (18/(-15))/3. Let a = -126 - h. Let o = a - -206. What are the prime factors of o?
2, 23
Let m(b) = 3817*b**2 + 53*b - 28. List the prime factors of m(2).
2, 7673
Let y(f) = 7*f**3 + 9*f**2 + 4*f - 18. Let k(q) = -15*q**3 - 19*q**2 - 8*q + 36. Let j(g) = 6*k(g) + 13*y(g). What are the prime factors of j(3)?
2, 3
Let z(y) = 165*y**3 + 3*y**2 - 2. Let f = -98 + 99. List the prime factors of z(f).
2, 83
Suppose -3*a - 272 - 289 = 0. Let f = 311 + a. Suppose 5*j + 3*n = 3*j + 117, 0 = -2*j + 4*n + f. What are the prime factors of j?
2, 3, 5
Suppose -4*a + 1 = r - 4, 3*a - 15 = -3*r. Suppose -12*g + 1008 = -8*g + 4*d, a = 2*g - 2*d - 520. List the prime factors of g.
2
Suppose 46 = 3*b + v, -5*b + 37 = -4*v - 17. Let i = -6 + b. What are the prime factors of 2 - (27*i)/(-2)?
2, 5, 11
Let a(p) = 6*p**2 - 13*p + 10. Let x(g) = 3*g**2 - 7*g + 5. Let z be (-14)/(-77) - (-138)/(-33). Let s(w) = z*a(w) + 9*x(w). List the prime factors of s(7).
3, 5
Suppose m - 1696 = -4*o, -m = -3*o - 643 + 1922. What are the prime factors of -45*(o/15)/(-5)?
3, 5, 17
Suppose 0 = h - 3*s - 154, 3*h + 5*s = 4*h - 158. Suppose -h = -10*b + 1272. Let a = 312 - b. List the prime factors of a.
2, 5, 17
Suppose 38*k - 10*k - 10*k - 201780 = 0. What are the prime factors of k?
2, 5, 19, 59
Suppose 0 = h - 4*l - 14, -2*h + 5 = -4*l - 11. Suppose 0 = h*o - 3*j - 13, -3*j + 43 = o + 4*o. What are the prime factors of (-2)/o*2*40/(-2)?
2, 5
Let j be 56/(-14) - (0 + -99). Suppose 0 = 3*v + 25 + j. Let g = 46 - v. List the prime factors of g.
2, 43
Suppose 9*f + 98 = -73. Let g be 1 + 454 + f + 23. Let i = g + -308. What are the prime factors of i?
151
What are the prime factors of (0 + -42)*(4000/6)/(-5)?
2, 5, 7
Suppose -11 = 5*i - 36. Suppose -5*x + i*v - 385 = 0, 2*x = v + 6 - 160. List the prime factors of 3 - (x + (3 - 0)).
7, 11
Let s = 9914 + -6243. What are the prime factors of s?
3671
Suppose 0 = 7*i - 18*i + 11. Let s be 2/(-2) + (5 - i) + -1. Suppose 3*h = -5*b + 460, b - 5*h + s = 94. What are the prime factors of b?
2, 23
Let f(y) be the second derivative of 0 - 2*y + 7/12*y**4 - 1/20*y**5 - 2/3*y**3 - y**2. What are the prime factors of f(4)?
2, 3, 5
Let w = 100 - -995. Let b = w - 177. List the prime factors of b.
2, 3, 17
Let g(f) = f**3 - 2*f**2 + f - 1. Let n be g(2). Let c(x) = 49*x - 89*x - n + 41*x + 7*x**2 - x**3. List the prime factors of c(7).
2, 3
Let f(m) = 11*m - 7. Let c be f(5). Let n be ((-16)/(-20))/(50/3375). Let p = n - c. List the prime factors of p.
2, 3
Let x = -15910 - -24480. List the prime factors of x.
2, 5, 857
Suppose -5*z - 4*q + 2082 = -6*q, 4*q = -24. List the prime factors of z.
2, 3, 23
Let p = -38 + 58. Suppose 24*m - 1484 = p*m. List the prime factors of m.
7, 53
Let z = 7590 + 15193. List the prime factors of z.
22783
Let d(p) = -28*p - 8. Let k(l) = -l**3 - 7*l**2 + 7*l - 12. Let s be k(-8). Let m be d(s). Suppose -m = -4*q - 36. What are the prime factors of q?
17
Let v(h) = 120*h**2 - 84*h - 140. List the prime factors of v(-14).
2, 7, 877
Suppose 125*m - 126*m = 2. Let a be (221 - 9)/(m*(-3)/6). Suppose -2*t + 68 = -a. What are the prime factors of t?
2, 5, 7
Let g = -2 - -10. Suppose 4*x + 2 - 6 = 0. Let n = g - x. What are the prime factors of n?
7
Suppose 3*y = -9, -3*h = -4*h + y - 97. Suppose -3*z - 5*u - 745 = -8*z, -5*u + 755 = 5*z. Let b = z + h. What are the prime factors of b?
2, 5
Suppose 41 = -5*u + 61. Suppose -2*a - x = -828, -5*a + 5*x - u*x + 2077 = 0. List the prime factors of a.
5, 83
Let y(a) = 2*a + 42. Let s be y(-20). Suppose 0 = -s*m - 5*o + 247, 0*m = -m + 3*o + 118. Let i = m + -7. List the prime factors of i.
2, 3, 19
Let u = 8019 - 604. List the prime factors of u.
5, 1483
Suppose 2*p + 3*x - 13264 = 9*x, 2*x + 19924 = 3*p. List the prime factors of p.
2, 11, 151
Let y(n) = n**3 + 12*n**2 - 15*n - 17. Let r(h) = -h**3 + 2*h**2 - 13. Let o be r(0). Let l be y(o). What are the prime factors of (228/l)/(-1 - 10/(-6))?
2, 19
Let k(w) = 25*w**3 - 29 - 2*w - 26*w**2 - 41*w**3 + 15*w**3. List the prime factors of k(-26).
23
Let n(j) = j**3 + 8*j**2 - 9*j + 16. Let v be n(-9). What are the prime factors of (-484)/v*48/(-4)?
3, 11
Suppose 0 = -50*r + 6406 + 6244. List the prime factors of r.
11, 23
Let j(r) = 5*r - 2*r + 10 - 15 + r**2. Let o be j(2). Suppose -8*y = -o*y - 54. List the prime factors of y.
2, 3
Let s(o) = 418*o + 316. List the prime factors of s(24).
2, 13, 199
List the prime factors of ((-13)/(-2) - 5)*-65630*(-112)/210.
2, 6563
Let z = -19 - -19. Suppose 5*x + k - 2*k = 290, z = -4*k. Let w = x - -99. List the prime factors of w.
157
Suppose -3*z = 19*z - 132. Suppose -z*p - 11 = -971. What are the prime factors of p?
2, 5
Suppose 1 + 7 = 2*h. Suppose 0 = h*x + 24 - 8. Let j(a) = 2*a**2 - 2*a - 2. List the prime factors of j(x).
2, 19
Let i be -2*(4/10)/((-2)/10). Suppose -4 = -i*a - 68. What are the prime factors of ((-9)/12)/(2/(a*25))?
2, 3, 5
Let f(m) = -2*m**2 + 4*m + 71. Let v be f(-6). Let q(a) = -a**2 - 28*a + 96. What are the prime factors of q(v)?
3, 19
Let o(m) be the second derivative of m**3/2 + 12*m**2 + 9*m. Let v be o(-6). Suppose 0 = v*i - 0*i - 240. List the prime factors of i.
2, 5
Let i be (18/(-27)*-1)/((-6)/(-99)). What are the prime factors of (233*(-2 + 3))/(11/i)?
233
Suppose 2*g - 5*g + 9 = 0. Suppose 5*y = -5